1499)/d) a composite number?
False
Let d be 3/(-3)*(-1 + 1). Suppose d = -5*h + 2866 + 39. Is h prime?
False
Suppose p - 2*u - 1403 = 0, -5*p + 11606 = -4*u + 4603. Is p a composite number?
False
Suppose 3*c - 40 = 59. Is (c/6)/((-1)/(-2)) a composite number?
False
Let d(l) be the first derivative of -2*l + 25*l**2 - 2*l + 3*l + 9*l**2 + 2. Is d(3) prime?
False
Let u(d) be the second derivative of -7*d**3/6 + 2*d**2 + 3*d. Let a be u(-6). Let f = -24 + a. Is f prime?
False
Suppose 0 = -3*n + 4*i - 120, -3*n + 4*n + 40 = 5*i. Suppose 0 = -4*a - 58 - 42. Let r = a - n. Is r a prime number?
False
Is 1 - -2 - (0 - -124)*-1 a prime number?
True
Let y be 4/(-10) + (-2254)/(-10). Let o = -158 + y. Suppose -d = -p - 72, 3*p + 216 = 4*d - o. Is d a prime number?
True
Suppose 27 - 2 = 5*g. Suppose s - 4*a + 3*a - 81 = 0, -365 = -g*s - 5*a. Suppose s = 2*v - 29. Is v composite?
False
Is (-699)/(-12) - (-2)/(-8) a composite number?
True
Suppose 2*n - 7*n + 10 = 0. Let j(x) = 11*x**2 + 3*x - 3. Is j(n) a composite number?
False
Let j be 3/(-2)*8/6. Is 0 + j*345/(-6) prime?
False
Let n(h) = -h**2 - 8*h. Let i be n(-7). Let z be 28/(-98) + 32/14. Suppose 31 = z*f - i. Is f a composite number?
False
Let n(a) = -56*a + 3. Is n(-6) composite?
True
Suppose 4*m - 118 - 4 = -o, 2*o = -4*m + 256. Is o a prime number?
False
Suppose -f = 3*f + 20. Is (2 + f/2)*-134 a prime number?
True
Suppose 0 = 4*y + 1 - 5, t + 4*y = 6. Is 9060/36 + t/(-3) composite?
False
Let i(y) = 102*y**2 - y - 1. Suppose 3*c - 6 = 6*c. Is i(c) a prime number?
True
Let s(m) = 4*m**2 + 6*m + 7. Let r(t) = 7*t**2 + 13*t + 14. Let x(j) = -3*r(j) + 5*s(j). Suppose -l - 2*n + 0 = 2, 3*l - 3*n + 24 = 0. Is x(l) a prime number?
True
Suppose -6 = 3*y, -3*s - 146 = -s - 2*y. Suppose 0 = -5*l - d - 542, -5*l - 112 = -4*l + 2*d. Let u = s - l. Is u composite?
True
Let o(x) be the third derivative of x**4/24 - x**2. Let a(u) = -5*u + 5. Let c(s) = a(s) + 3*o(s). Is c(-9) a prime number?
True
Suppose 5*z + 212 = z. Suppose 4*d + 5*y = 354, 4*d - 114 - 222 = 4*y. Let x = d + z. Is x a prime number?
False
Let w(p) = 45*p - 16. Is w(9) composite?
False
Suppose 0 = -2*i + 6 + 4. Suppose 0 = i*r - 4*b - 1043, -5*b + 856 = 4*r - b. Is r composite?
False
Let p = -295 - -768. Let b = 622 + -360. Let n = p - b. Is n a composite number?
False
Is 687 - (-4 - (-6)/1) prime?
False
Suppose -2*c + 5*c = -3. Is (c - -2) + (-768)/(-16) composite?
True
Is (-16)/(-56) - 3449/(-7) a prime number?
False
Suppose -4*h + 748 = 120. Is h a prime number?
True
Suppose -4*m + 2 = c - 3, -c = -4*m - 5. Suppose -s = 2*d - 33, 28 = -4*s + c*d + 95. Is s prime?
True
Suppose 2 + 380 = 2*x. Is x a prime number?
True
Let y = 7 - 4. Suppose y*r = -2*r - 445. Let v = r - -144. Is v a composite number?
True
Let p(r) = r**3 - 8*r**2 + 10*r - 6. Let b be (4*2)/(2 + -1). Is p(b) prime?
False
Suppose 5*t = -3*c + 511, -4*t - 12 = -t. Is c prime?
False
Suppose 10 = 2*i, 6134 = -5*p + 5*i + 19634. Is p prime?
False
Suppose 0*p + p - 2 = 0. Suppose 5 + 50 = -p*l + 5*r, -r - 40 = 3*l. Is (-2)/(-5) - 969/l a composite number?
True
Let w = -1221 + 1808. Is w a prime number?
True
Let m(g) = 24*g**2 + 5*g + 5. Let b be m(6). Suppose -4*f + 4*w + 716 = 0, 3*w + b = -0*f + 5*f. Suppose -5*j + 74 + f = 0. Is j composite?
True
Is (-9321)/(-13) - (-1)/1 prime?
False
Suppose 19167 - 2919 = 8*r. Is r a prime number?
False
Let o(w) = 7*w**2 - 6*w - 2. Let c = 12 + -5. Is o(c) prime?
False
Let r(c) = 78*c - 4. Let h be r(5). Suppose -3*i + 604 = -z, 2*i - h = 2*z + 2*z. Is i a composite number?
True
Suppose 5*v - 4 - 21 = 0. Suppose -v*m = 3*j - 3*m - 453, -2*j - 2*m + 304 = 0. Is j a prime number?
True
Suppose 4*b - 1116 = -272. Is b composite?
False
Let t = 4 + -4. Suppose -2*g - 2*g = t. Suppose -2*a + 4*w = -90, g = -a + 3*w + 20 + 23. Is a a prime number?
False
Suppose -r = 5*j - 306, 6*j - j + 5*r - 290 = 0. Suppose -3*d - j = -5*d. Is d a composite number?
False
Let m(l) = 211*l**2 + 3*l + 1. Is m(-2) a prime number?
True
Suppose -4*j - 3560 = -4*g - 0*j, -5*g - 3*j + 4426 = 0. Is g a composite number?
False
Suppose y + 1435 = 6*y. Is y prime?
False
Let z = 468 + -95. Is z a composite number?
False
Let s(n) = -3*n**3 - 4*n**2 + 27*n + 17. Is s(-9) prime?
True
Suppose 0 = o - 1 + 2. Let i be (-70)/(-8)*(o + -3). Let l = i + 70. Is l prime?
False
Let v(b) = 3*b**2 - 3*b. Let n be v(2). Suppose 4*q - n - 214 = 0. Is q composite?
True
Let u(p) = 5*p**2 - p - 109. Let v be ((1 - 4) + 2)/1. Let c(z) = -z**2 - 1. Let o(s) = v*u(s) - 6*c(s). Is o(0) a composite number?
True
Suppose 5*b - 6040 = 5*p, -p - 4877 = -4*b - 6*p. Is b a composite number?
False
Let q(k) = -1 - k + k**2 + 5 + 6*k. Is q(-6) a prime number?
False
Let m(q) = -12*q + q + 1 + 93*q. Let z = -3 - -4. Is m(z) a composite number?
False
Suppose -5*p + p - 8 = 0, 0 = -3*s + 3*p + 2235. Is s a prime number?
True
Let y(x) = 5*x + 5 + x**3 + 8*x + 2*x - 12*x**2. Is y(11) prime?
False
Let w = 5 - -1. Let b = w - 5. Is (190 + 5)*b/3 composite?
True
Let h(v) = -v. Let d(r) = r + 1. Let y(z) = 2*d(z) + 3*h(z). Let a be y(2). Is (52 - a/(-2)) + -3 a composite number?
True
Let v = 11 - 17. Let i be (8/12)/((-1)/v). Suppose -5*a - 11 = -i*g + 24, -2*g + 45 = 3*a. Is g composite?
True
Suppose -5*k - 2*f = 3*f - 2270, k + 5*f = 466. Is k a prime number?
False
Let j(a) = a + 59. Let q(c) = c**3 + 9*c**2 + 8*c. Let v be q(-8). Is j(v) a composite number?
False
Let a = 7 - 9. Let f be 8/(-3)*(-3)/a. Let s(u) = -u**3 - 3*u**2 - 3. Is s(f) a prime number?
True
Suppose 0*h + 12 = 3*h, 3*h - 1192 = -5*v. Suppose -118 = -k - 0*k + 3*u, 2*k - 2*u - v = 0. Is k prime?
False
Let j(a) = -a**2 - 7*a - 5. Let u be j(-6). Suppose c - 1 = u. Suppose -20 = -2*i - 2*i - 4*x, 8 = c*i + x. Is i a composite number?
False
Suppose 4*p + 2*j + 55 = 145, 3*p - 80 = j. Suppose k - p = -4*k. Suppose w - 1 = k*o - 0*o, -w - 4*o + 10 = 0. Is w a prime number?
False
Let q = 104 + -81. Is q a prime number?
True
Is (-8118)/(-6)*(-2)/(-6) a composite number?
True
Let u = -222 + 343. Is u prime?
False
Let g = -53 - -79. Let c be 1*(-1)/(-2)*2. Is c/((4/g)/2) composite?
False
Let t be 1*10*5/10. Suppose -s - l = -t*l - 5, 0 = 3*s - 5*l - 8. Let c(g) = 68*g**2 - 1. Is c(s) composite?
False
Let u(c) = -196*c - 5. Is u(-9) prime?
True
Let u(c) = -c**2 + 2*c + 2*c**2 + 0*c + 2. Is u(7) a prime number?
False
Let v(d) = -d**3 + d**2 + 8. Let p be v(0). Suppose -4*s - 3*t = p - 94, s - 5*t = 33. Is s composite?
False
Let g be (-25)/(-15) + 1/3. Suppose -g*v + 16 = 5*f, -8 = f + f. Suppose -4*a + v = -a. Is a prime?
False
Suppose 2*u + 0*k - 4 = 4*k, 3*u + k = 6. Let v be (0 + -1)/(u/(-10)). Suppose -194 = -v*x + 381. Is x composite?
True
Let y(w) = 2*w**2 - 4*w - 3. Suppose 3*d - 3*u - 29 = u, -d = 3*u + 12. Suppose -5*b - 20 = 2*s, -s + 0*s - 11 = d*b. Is y(s) a composite number?
False
Suppose -3*o + 6*p = 4*p - 3033, 5*o - 5048 = p. Is o composite?
False
Suppose -5*u - 2 - 8 = 0. Let j be (-67)/3 - u/(-3). Let o = j - -45. Is o composite?
True
Let y(o) = 2*o**2 - o + 1. Let w be y(1). Suppose 50 = w*v - 0*v. Is v a composite number?
True
Let i = 15 - 11. Is 17/1*(11 - i) a composite number?
True
Let a be 8/(-36) + 19324/(-36). Let t = 788 + a. Is t prime?
True
Let y(s) = 11*s**2 - 3*s + 1. Is y(-3) prime?
True
Let b(x) be the second derivative of x**5/20 - x**4/4 - x**3/3 - x**2/2 + 4*x. Let r be b(2). Is (-2)/6 + (-192)/r a composite number?
True
Let u(j) = 0*j**2 - j**2 - j + 2*j**2 + 6. Let h be u(-6). Suppose -3*r - z = -158, -r + 2*z = 7*z - h. Is r prime?
True
Suppose -82 = -5*o + 553. Is o a composite number?
False
Suppose 4*k + 7 = -4*v + 47, 2*k - 4 = 0. Is (-596)/(-16) - 2/v a composite number?
False
Let t(h) = h**3 + 5 - 8 + h**3 + 5*h**2 - 3*h + 0*h. Let n(c) = -c - 1. Let k be n(-4). Is t(k) prime?
False
Suppose 11*z = 6*z. Let o = 4 + z. Suppose 3*c = 5*f - 323, o*c - 264 = -5*f + 87. Is f prime?
True
Is -11 - -15 - (-1)/1*4129 a prime number?
True
Suppose 12 = f - 0. Let p be 81/f - 1/(-4). Is 453/p + 6/21 composite?
True
Let c(h) = h - 1. Let l be c(5). Suppose 92 = k - a + 36, -4 = l*a. Let t = -34 + k. Is t composite?
True
Let o(d) = 13*d - 2. Let k be o(2). Let a = k + -9. Let v = 36 - a. Is v composite?
True
Suppose -9 = 3*b - 